
List the prime factors of 17234.
2, 7, 1231
What are the prime factors of 46770?
2, 3, 5, 1559
List the prime factors of 86434.
2, 23, 1879
List the prime factors of 53.
53
What are the prime factors of 3760?
2, 5, 47
List the prime factors of 55204.
2, 37, 373
List the prime factors of 94480.
2, 5, 1181
What are the prime factors of 83463?
3, 43, 647
What are the prime factors of 81734?
2, 40867
List the prime factors of 56092.
2, 37, 379
What are the prime factors of 3529?
3529
List the prime factors of 1547.
7, 13, 17
List the prime factors of 1346.
2, 673
What are the prime factors of 1687?
7, 241
List the prime factors of 56739.
3, 18913
List the prime factors of 13247.
13, 1019
List the prime factors of 553.
7, 79
List the prime factors of 52110.
2, 3, 5, 193
What are the prime factors of 16525?
5, 661
What are the prime factors of 53383?
11, 23, 211
What are the prime factors of 322?
2, 7, 23
What are the prime factors of 4068?
2, 3, 113
List the prime factors of 64710.
2, 3, 5, 719
What are the prime factors of 7531?
17, 443
List the prime factors of 580.
2, 5, 29
List the prime factors of 26361.
3, 29, 101
What are the prime factors of 160?
2, 5
List the prime factors of 354.
2, 3, 59
What are the prime factors of 274?
2, 137
What are the prime factors of 15393?
3, 7, 733
What are the prime factors of 100715?
5, 20143
List the prime factors of 2028.
2, 3, 13
List the prime factors of 7372.
2, 19, 97
List the prime factors of 10297.
7, 1471
List the prime factors of 30685.
5, 17, 19
What are the prime factors of 29043?
3, 7, 461
What are the prime factors of 6628?
2, 1657
List the prime factors of 18322.
2, 9161
What are the prime factors of 49052?
2, 12263
List the prime factors of 13762.
2, 7, 983
List the prime factors of 6017.
11, 547
What are the prime factors of 3591?
3, 7, 19
List the prime factors of 946.
2, 11, 43
What are the prime factors of 974?
2, 487
What are the prime factors of 41573?
7, 5939
List the prime factors of 8420.
2, 5, 421
List the prime factors of 1011.
3, 337
What are the prime factors of 6514?
2, 3257
What are the prime factors of 3767?
3767
What are the prime factors of 9262?
2, 11, 421
What are the prime factors of 882?
2, 3, 7
What are the prime factors of 1557?
3, 173
What are the prime factors of 958?
2, 479
What are the prime factors of 185505?
3, 5, 83, 149
What are the prime factors of 30917?
43, 719
List the prime factors of 6600.
2, 3, 5, 11
List the prime factors of 1222.
2, 13, 47
List the prime factors of 12692.
2, 19, 167
List the prime factors of 194111.
389, 499
List the prime factors of 1452.
2, 3, 11
List the prime factors of 3008.
2, 47
List the prime factors of 56117.
17, 3301
What are the prime factors of 69282?
2, 3, 1283
List the prime factors of 792.
2, 3, 11
What are the prime factors of 1389?
3, 463
List the prime factors of 2386.
2, 1193
List the prime factors of 19107.
3, 11, 193
List the prime factors of 29939.
7, 13, 47
List the prime factors of 29837.
29837
List the prime factors of 9005.
5, 1801
List the prime factors of 1685.
5, 337
What are the prime factors of 1876?
2, 7, 67
List the prime factors of 11048.
2, 1381
List the prime factors of 224.
2, 7
What are the prime factors of 4642?
2, 11, 211
List the prime factors of 21489.
3, 13, 19, 29
What are the prime factors of 58374?
2, 3, 23, 47
List the prime factors of 264.
2, 3, 11
List the prime factors of 906.
2, 3, 151
What are the prime factors of 14967?
3, 1663
What are the prime factors of 119802?
2, 3, 41, 487
What are the prime factors of 14949?
3, 11, 151
What are the prime factors of 7433?
7433
List the prime factors of 2740.
2, 5, 137
What are the prime factors of 10594?
2, 5297
What are the prime factors of 1984?
2, 31
What are the prime factors of 1778?
2, 7, 127
List the prime factors of 3176.
2, 397
List the prime factors of 2033.
19, 107
What are the prime factors of 6165?
3, 5, 137
What are the prime factors of 39500?
2, 5, 79
List the prime factors of 9451.
13, 727
What are the prime factors of 3098?
2, 1549
List the prime factors of 864.
2, 3
What are the prime factors of 10952?
2, 37
List the prime factors of 1483.
1483
List the prime factors of 86051.
7, 19, 647
List the prime factors of 1269.
3, 47
What are the prime factors of 31078?
2, 41, 379
List the prime factors of 12309.
3, 11, 373
List the prime factors of 93228.
2, 3, 17, 457
List the prime factors of 6379.
6379
What are the prime factors of 51703?
149, 347
What are the prime factors of 1088?
2, 17
List the prime factors of 3763.
53, 71
What are the prime factors of 13735?
5, 41, 67
What are the prime factors of 35393?
35393
What are the prime factors of 647?
647
List the prime factors of 1842.
2, 3, 307
List the prime factors of 568.
2, 71
What are the prime factors of 75437?
75437
List the prime factors of 11999.
13, 71
List the prime factors of 76756.
2, 31, 619
What are the prime factors of 1294?
2, 647
What are the prime factors of 63638?
2, 47, 677
List the prime factors of 81722.
2, 29, 1409
What are the prime factors of 1337?
7, 191
List the prime factors of 1404.
2, 3, 13
List the prime factors of 1146.
2, 3, 191
List the prime factors of 25067.
7, 3581
What are the prime factors of 1969?
11, 179
What are the prime factors of 243?
3
List the prime factors of 17530.
2, 5, 1753
What are the prime factors of 22378?
2, 67, 167
List the prime factors of 3154.
2, 19, 83
List the prime factors of 175331.
13, 13487
What are the prime factors of 1206?
2, 3, 67
List the prime factors of 1904.
2, 7, 17
What are the prime factors of 2462?
2, 1231
What are the prime factors of 1707?
3, 569
What are the prime factors of 2949?
3, 983
List the prime factors of 17644.
2, 11, 401
What are the prime factors of 4713?
3, 1571
List the prime factors of 2513.
7, 359
List the prime factors of 160.
2, 5
List the prime factors of 29451.
3, 9817
List the prime factors of 196.
2, 7
What are the prime factors of 293?
293
What are the prime factors of 7455?
3, 5, 7, 71
What are the prime factors of 5908?
2, 7, 211
List the prime factors of 862.
2, 431
List the prime factors of 17084.
2, 4271
List the prime factors of 1217.
1217
List the prime factors of 13948.
2, 11, 317
What are the prime factors of 1980?
2, 3, 5, 11
What are the prime factors of 19605?
3, 5, 1307
What are the prime factors of 52964?
2, 13241
List the prime factors of 14173.
14173
List the prime factors of 13151.
13151
List the prime factors of 22386.
2, 3, 7, 13, 41
What are the prime factors of 90718?
2, 67, 677
What are the prime factors of 995?
5, 199
List the prime factors of 2105.
5, 421
What are the prime factors of 1444?
2, 19
What are the prime factors of 111?
3, 37
List the prime factors of 2154.
2, 3, 359
What are the prime factors of 1274?
2, 7, 13
What are the prime factors of 136113?
3, 59, 769
List the prime factors of 6179.
37, 167
What are the prime factors of 10466?
2, 5233
List the prime factors of 58483.
233, 251
What are the prime factors of 7638?
2, 3, 19, 67
List the prime factors of 17733.
3, 23, 257
What are the prime factors of 776?
2, 97
List the prime factors of 12096.
2, 3, 7
What are the prime factors of 102840?
2, 3, 5, 857
What are the prime factors of 19190?
2, 5, 19, 101
List the prime factors of 13111.
7, 1873
What are the prime factors of 27476?
2, 6869
List the prime factors of 10659.
3, 11, 17, 19
What are the prime factors of 10376?
2, 1297
List the prime factors of 3177.
3, 353
What are the prime factors of 312?
2, 3, 13
List the prime factors of 3573.
3, 397
What are the prime factors of 2754?
2, 3, 17
List the prime factors of 613.
613
What are the prime factors of 11764?
2, 17, 173
List the prime factors of 660.
2, 3, 5, 11
What are the prime factors of 14584?
2, 1823
List the prime factors of 4080.
2, 3, 5, 17
List the prime factors of 10541.
83, 127
List the prime factors of 11362.
2, 13, 19, 23
List the prime factors of 437.
19, 23
What are the prime factors of 144683?
7, 11, 1879
What are the prime factors of 954?
2, 3, 53
List the prime factors of 5328.
2, 3, 37
What are the prime factors of 5544?
2, 3, 7, 11
What are the prime factors of 21696?
2, 3, 113
What are the prime factors of 41270?
2, 5, 4127
What are the prime factors of 121024?
2,